/(-132) - (-1 - (-6)/8). Suppose -8 = c*w - 160. Calculate the remainder when 7*(44 + -2 - -1) is divided by w.
35
Let l = 22 - -80. Let c(n) = n + 7. What is the remainder when ((-3)/3)/((-3)/l) is divided by c(5)?
10
Let x(t) = -90*t**3 - 2*t - 3. Let l be x(-1). Suppose 4*m + l = 5*m. Let j = m + -58. Calculate the remainder when j is divided by 8.
7
Suppose -n + 398 = -4*c, 33*n - 37*n + 5*c = -1636. What is the remainder when 1611 is divided by n?
369
Let u = -272 + 264. Calculate the remainder when 278 is divided by (-2)/(-6)*((-448)/u - -1).
12
Suppose -2*i + 15 = 3*d, 0*i - 4*d + 24 = 4*i. Suppose 8*b = i*b + 5. Let g = 98 + -92. What is the remainder when g is divided by b?
0
Suppose 0 = 12*t - 881 - 2047. Calculate the remainder when t is divided by 73.
25
Let h be -2 + (0 - -6) - 13. Let n be 111/6 + -1 + (-2)/(-4). Calculate the remainder when 63 is divided by n/h - (-1 - 17).
15
Suppose 16 - 252 = -4*s. Suppose 0 = 2*u - 10, 5*u - 44 = -b + s. Let l = -11 + b. Calculate the remainder when l is divided by 35.
32
Suppose -y = 3*y - 2*y. Suppose -13 = 5*h - 38, y = -3*a + 2*h + 26. Suppose b - a = u - 3*u, 2*u + 4*b = 24. What is the remainder when 19 is divided by u?
3
Let m(v) = -38*v + 4. Suppose 5*o - 2*p = 90, -737*p = -o - 732*p - 5. Calculate the remainder when m(-4) is divided by o.
16
Let x(i) = -i**3 - 94*i**2 - 1772*i - 143. What is the remainder when x(-68) is divided by 28 + -1*2*1?
25
Suppose 0 = -5*r + 3*y, 50*r - 3*y = 49*r - 12. What is the remainder when 516 is divided by r?
0
Suppose -1 = 2*a - 3. Suppose -1 = -r + a. What is the remainder when 14/((-616)/(-836)) + -17 is divided by r?
0
Suppose -8 = 4*r - 28. Suppose 0 = r*a - 33 - 27. Suppose 8*m = a*m - 100. Calculate the remainder when 70 is divided by m.
20
Suppose 3183*u = 3184*u - 125. What is the remainder when 2621 is divided by u?
121
Suppose -11*q + 16*q - 130 = 0. Let c = 83 + q. What is the remainder when c is divided by 5?
4
Let k(u) = u**2 + 33*u - 55. Let f be k(-35). Suppose -5*i = -2*g + 26, -f*i + 12*i - 46 = -5*g. Calculate the remainder when 36 is divided by g.
4
Suppose -215*c + 149*c + 74976 = 0. What is the remainder when c is divided by 377?
5
Let l(u) = -u**2 - 19*u + 20. Let y be l(-14). Suppose -566 = -4*p - y. What is the remainder when p is divided by ((-12)/(-9))/(1/30)?
39
Suppose o + n = 69, -2*o - 4*n + 55 = -85. What is the remainder when 364 is divided by o?
24
Let x(m) = 4*m - 21. Let b(u) = -5*u + 21. Let d(h) = -5*b(h) - 6*x(h). Let k = -52 - -141. Calculate the remainder when k is divided by d(10).
27
Calculate the remainder when (-11)/11 + 65*4 - 2*-2 is divided by 7.
4
Let x = -1153 - -1235. What is the remainder when 314 is divided by x?
68
Suppose 12 = -5*u + 4*p - 14, -19 = 3*u + p. Let a(o) = -o**3 - 4*o**2 + 2*o - 9. What is the remainder when a(u) is divided by 19?
13
Let f = -525 + 687. Suppose 4*b = 3*s - 102, -30*s + 4*b = -25*s - f. Calculate the remainder when s is divided by 1.
0
Suppose -726*d = -696*d - 46440. What is the remainder when d is divided by 499?
51
Let r = 656 + -652. Suppose -c = -r*c + 333. Calculate the remainder when c is divided by 20.
11
Let f = -702 + 708. Calculate the remainder when (116/(-20))/(1/(-5)) is divided by f.
5
Suppose -52 = -4*b - 2*j, 3*b - 65 = -2*b - j. What is the remainder when ((-118)/(-5))/(-10 - 1092/(-105)) is divided by b?
7
Suppose -48*n + 75808 = -84522 + 66874. What is the remainder when n is divided by 30?
27
Let n(g) = -g**3 - 22*g**2 - 2*g + 74. What is the remainder when n(0) is divided by 38?
36
Let k(v) = 55*v**2 + 3558*v - 1083. What is the remainder when ((-560)/6)/(-4)*15 is divided by k(-65)?
20
Let a(g) = 2*g**2 + 3*g - 1. Let i = 10 - 8. Suppose 128*m = 60 + 324. Calculate the remainder when a(i) is divided by m.
1
Suppose -13*c - 16*c = -194*c + 33000. What is the remainder when c is divided by 114?
86
What is the remainder when 2*665 - -5 - (-462)/(-42) is divided by 225?
199
Let t = 975 - 824. Calculate the remainder when 464 is divided by t.
11
Suppose -305 = -5*f - 5*a, 5*a = 3*f + 2*a - 201. Let o(i) = -2*i**2 + 9*i + 7. Let w be o(8). Let v = -36 - w. What is the remainder when f is divided by v?
12
Let b be (-1)/(((-3)/(-5))/(7 - 10)). Calculate the remainder when (5 - 685/b)*1/(-2) is divided by 3.
0
Let r = -243 - -255. Let z(m) = m**3 + 14*m**2 - 16*m. What is the remainder when z(-15) is divided by r?
3
Let q(d) = 7*d**2 + 33*d - 11. Let u be q(-7). Let v = 115 - u. Calculate the remainder when 49 is divided by v.
7
Suppose -227 = -5*f - 4*o, 4*f + 3*o = 24 + 158. What is the remainder when ((-2010)/(-330))/(38/2926) is divided by f?
46
Let y(m) = -2*m**2 + 8*m + 4. Let k be y(4). Calculate the remainder when 61 is divided by k/(20/(-15)) - -30.
7
Let p(u) be the first derivative of -u**2/2 + 23*u + 72. Calculate the remainder when p(-13) is divided by 28.
8
What is the remainder when 247 is divided by 70 + ((-18)/153 - 4/(-34))?
37
Let y be 218790/630 + 2/(-7). Suppose y*v - 359*v = -792. What is the remainder when v is divided by 19?
9
Let a be 780/(-14) + 18/(-63). Suppose 0 = 31*j - 15*j + 2144. Let n = a - j. What is the remainder when n is divided by 27?
24
Let o(j) = 2*j**2 + 8*j + 7. Calculate the remainder when o(-5) is divided by 4275/950 - ((-7)/(-2) - 2).
2
Suppose -q + 95 = 5. Let g = q - 74. Let t = g + 0. Calculate the remainder when 62 is divided by t.
14
Suppose -69 = -2*n - 5*s, -5*n = 77*s - 75*s - 120. Suppose -2*d + o = -5, -4*d + 4*o + 12 = -0*o. Calculate the remainder when n is divided by d.
0
Let v(i) = 5*i**2 + 2*i - 3. Suppose -26*g + 6 + 20 = 0. What is the remainder when 27 is divided by v(g)?
3
Suppose 17*f - 433 = -2*c + 12*f, -c - f = -221. What is the remainder when 624 is divided by c?
176
Let c = -149 + 196. Let v = -31 + c. Calculate the remainder when v is divided by 7.
2
Suppose -2*g = -0*w + 5*w - 212, 3*w + 5*g - 112 = 0. Let s = 45 - w. What is the remainder when 105 is divided by s - -8 - (8 + -11)?
9
Let j(l) = l**2 + 35*l + 40. Let x be j(-34). Suppose v = 45 - x. What is the remainder when v is divided by 16?
7
Suppose -50*m + 51*m - 2 = 0. Suppose -4*v = m*h - 22 - 30, -h + 48 = 4*v. Calculate the remainder when 13 is divided by v.
2
Let v(j) = 64*j - 4630. Calculate the remainder when v(75) is divided by (-756)/(-13) + 20/(-130).
54
Suppose -4*u = 56*k - 58*k + 2152, -3*u = -10*k + 10760. What is the remainder when k is divided by 14?
12
Calculate the remainder when 4309 is divided by 2 + 1254/48 - 38/304.
25
Let t(y) = y**2 + 12*y + 46. Let s be t(-10). Suppose 31*p = s*p + 50. What is the remainder when 49 is divided by p?
9
Let d(q) be the third derivative of 0*q + 0 - 11*q**2 - 10/3*q**3 - 1/8*q**4. Calculate the remainder when 26 is divided by d(-8).
2
Let b = 98 + -48. Suppose 15*a - b = 12*a + y, -12 = -a - 2*y. Calculate the remainder when a is divided by 7.
2
Let y(t) = -3*t**3 - 148*t**2 - 52*t - 99. Let f = -91 + 177. What is the remainder when f is divided by y(-49)?
38
Suppose 2*n + 36 = -4*n. Let m(d) = -4*d + 0*d**3 - 4*d**2 + 7*d + d + 2 - d**3. Calculate the remainder when m(n) is divided by 13.
11
Let y(q) = -3 - 10 + q**2 + 21 + 3*q. Calculate the remainder when 93 is divided by y(5).
45
Calculate the remainder when 3263 is divided by ((-2)/(-3))/((-10)/1275*-5).
16
Suppose 6 = g, -5*g - 268 = -4*m + 1318. Suppose -186 = -4*y + 3*r, 3*r - 47 = -2*y + 37. Calculate the remainder when m is divided by y.
44
Suppose 4*o - 4*w = 152, -84*w = 3*o - 81*w - 150. Calculate the remainder when 17993 is divided by o.
41
Let v = -834 - -908. Suppose v*a - 63*a - 704 = 0. Calculate the remainder when a is divided by 10.
4
Suppose 0 = -5*u + 3*o - 15, 3*o = -4*u - u - 45. Calculate the remainder when 69 is divided by 2*(u/(-4) + 3) - -5.
13
Suppose 2*b = g + 325, 3*g + 823 = -2*b - 128. Let y = g + 536. What is the remainder when y is divided by 11?
8
Let p(f) = 6*f - 8. Let b(a) = a - 1. Let r(n) = 14*b(n) - 2*p(n). What is the remainder when 68 is divided by r(4)?
8
Suppose -2*v = -5*v + 2*w + 164, -78 = -v - 4*w. What is the remainder when 84 is divided by v?
26
Let r(i) = 2*i**2 - 233*i**3 - 4*i**2 + 34 - 29 + 2*i + 2*i. What is the remainder when r(-1) is divided by 9?
7
Let c(d) =